{"id":259,"date":"2024-01-06T11:51:18","date_gmt":"2024-01-06T11:51:18","guid":{"rendered":"https:\/\/unruffled-shirley.89-22-103-217.plesk.page\/index.php\/produkt\/2022-dornfelder-trocken\/"},"modified":"2024-01-06T11:52:43","modified_gmt":"2024-01-06T11:52:43","slug":"2022-dornfelder-trocken","status":"publish","type":"product","link":"https:\/\/unruffled-shirley.89-22-103-217.plesk.page\/index.php\/produkt\/2022-dornfelder-trocken\/","title":{"rendered":"2022 Dornfelder trocken"},"content":{"rendered":"<p>Der Dornfelder Gutswein trocken ist ein Rotweinklassiker. Sein vielschichtiges Duftspektrum zeigt in der Nase ein Hauch von Kirsche und saftiger Brombeere. Der Dornfelder ist eine Kreuzung aus Helfensteiner x Heroldsrebe. Somit sind alle wichtigen roten Rebsorten, wie Fr\u00fchburgunder, Trollinger, Lemberger und Portugieser, m\u00fctterliche bzw. v\u00e4terliche Bestandsteile dieser Kreuzungsreben. Die schwarzrote Farbauspr\u00e4gung und der fruchtige und kr\u00e4ftige Charakter, ist ein Allrounder f\u00fcr jede Jahreszeit. Bratengerichte, Pasta, Pizza oder K\u00e4se passen zum klassischen Dornfelder trocken sehr gut. Auch leicht gek\u00fchlt ist der Dornfelder Gutswein im Sommer ein wahres Highlight. \u00a0 [eng] The Dornfelder Gutswein dry is a red wine classic. Its complex fragrance spectrum shows a hint of strawberry, cherry and juicy blackberry in the nose. The Dornfelder is a cross between Helfensteiner x Heroldsrebe&#8230;<\/p>\n","protected":false},"excerpt":{"rendered":"<p>Der Dornfelder Gutswein trocken ist ein Rotweinklassiker. Sein vielschichtiges Duftspektrum zeigt in der Nase ein Hauch von Kirsche und saftiger Brombeere. Der Dornfelder ist eine Kreuzung aus Helfensteiner x Heroldsrebe. Somit sind alle wichtigen roten Rebsorten, wie Fr\u00fchburgunder, Trollinger, Lemberger und Portugieser, m\u00fctterliche bzw. v\u00e4terliche Bestandsteile dieser Kreuzungsreben. Die schwarzrote Farbauspr\u00e4gung und der fruchtige und [&hellip;]<\/p>\n","protected":false},"featured_media":281,"comment_status":"open","ping_status":"open","template":"","meta":[],"store":[21],"product_cat":[22],"product_tag":[23],"_links":{"self":[{"href":"https:\/\/unruffled-shirley.89-22-103-217.plesk.page\/index.php\/wp-json\/wp\/v2\/product\/259"}],"collection":[{"href":"https:\/\/unruffled-shirley.89-22-103-217.plesk.page\/index.php\/wp-json\/wp\/v2\/product"}],"about":[{"href":"https:\/\/unruffled-shirley.89-22-103-217.plesk.page\/index.php\/wp-json\/wp\/v2\/types\/product"}],"replies":[{"embeddable":true,"href":"https:\/\/unruffled-shirley.89-22-103-217.plesk.page\/index.php\/wp-json\/wp\/v2\/comments?post=259"}],"wp:featuredmedia":[{"embeddable":true,"href":"https:\/\/unruffled-shirley.89-22-103-217.plesk.page\/index.php\/wp-json\/wp\/v2\/media\/281"}],"wp:attachment":[{"href":"https:\/\/unruffled-shirley.89-22-103-217.plesk.page\/index.php\/wp-json\/wp\/v2\/media?parent=259"}],"wp:term":[{"taxonomy":"store","embeddable":true,"href":"https:\/\/unruffled-shirley.89-22-103-217.plesk.page\/index.php\/wp-json\/wp\/v2\/store?post=259"},{"taxonomy":"product_cat","embeddable":true,"href":"https:\/\/unruffled-shirley.89-22-103-217.plesk.page\/index.php\/wp-json\/wp\/v2\/product_cat?post=259"},{"taxonomy":"product_tag","embeddable":true,"href":"https:\/\/unruffled-shirley.89-22-103-217.plesk.page\/index.php\/wp-json\/wp\/v2\/product_tag?post=259"}],"curies":[{"name":"wp","href":"https:\/\/api.w.org\/{rel}","templated":true}]}}