{"id":220,"date":"2024-01-06T11:55:28","date_gmt":"2024-01-06T11:55:28","guid":{"rendered":"https:\/\/unruffled-shirley.89-22-103-217.plesk.page\/index.php\/produkt\/gluehwein-paket\/"},"modified":"2024-01-06T11:56:32","modified_gmt":"2024-01-06T11:56:32","slug":"gluehwein-paket","status":"publish","type":"product","link":"https:\/\/unruffled-shirley.89-22-103-217.plesk.page\/index.php\/produkt\/gluehwein-paket\/","title":{"rendered":"Gl\u00fchwein-Paket"},"content":{"rendered":"<p>Im &#8222;Gl\u00fchwein-Paket&#8220; enthalten sind 6 x 1 L Flaschen:\u00a0 Bitte bachten Sie, das Paket enth\u00e4lt keine Geschenk-Verpackungsartikel. Die Paketinhalte werden mit einem UPS Versandkarton verschickt. Versandkostenfrei ab 12 Flaschen! Dieses Angebot gilt NUR f\u00fcr Privatkunden und auch NUR im Onlineshop! Bitte den Gl\u00fchwein nur erw\u00e4rmen, NICHT kochen! 2x Traditions Herrenhaus Gl\u00fchwein rot \u00a0Alkohol: 11 vol.% 2x Traditions Herrenhaus Gl\u00fchwein weiss Alkohol: 11 vol.% 2x Traditions Herrenhaus Winterros\u00e9 Alkohol: 11,5 vol.%\u00a0<\/p>\n","protected":false},"excerpt":{"rendered":"<p>Im &#8222;Gl\u00fchwein-Paket&#8220; enthalten sind 6 x 1 L Flaschen:\u00a0 Bitte bachten Sie, das Paket enth\u00e4lt keine Geschenk-Verpackungsartikel. Die Paketinhalte werden mit einem UPS Versandkarton verschickt. Versandkostenfrei ab 12 Flaschen! Dieses Angebot gilt NUR f\u00fcr Privatkunden und auch NUR im Onlineshop! Bitte den Gl\u00fchwein nur erw\u00e4rmen, NICHT kochen! 2x Traditions Herrenhaus Gl\u00fchwein rot \u00a0Alkohol: 11 vol.% [&hellip;]<\/p>\n","protected":false},"featured_media":316,"comment_status":"open","ping_status":"open","template":"","meta":[],"store":[21],"product_cat":[22],"product_tag":[23],"_links":{"self":[{"href":"https:\/\/unruffled-shirley.89-22-103-217.plesk.page\/index.php\/wp-json\/wp\/v2\/product\/220"}],"collection":[{"href":"https:\/\/unruffled-shirley.89-22-103-217.plesk.page\/index.php\/wp-json\/wp\/v2\/product"}],"about":[{"href":"https:\/\/unruffled-shirley.89-22-103-217.plesk.page\/index.php\/wp-json\/wp\/v2\/types\/product"}],"replies":[{"embeddable":true,"href":"https:\/\/unruffled-shirley.89-22-103-217.plesk.page\/index.php\/wp-json\/wp\/v2\/comments?post=220"}],"wp:featuredmedia":[{"embeddable":true,"href":"https:\/\/unruffled-shirley.89-22-103-217.plesk.page\/index.php\/wp-json\/wp\/v2\/media\/316"}],"wp:attachment":[{"href":"https:\/\/unruffled-shirley.89-22-103-217.plesk.page\/index.php\/wp-json\/wp\/v2\/media?parent=220"}],"wp:term":[{"taxonomy":"store","embeddable":true,"href":"https:\/\/unruffled-shirley.89-22-103-217.plesk.page\/index.php\/wp-json\/wp\/v2\/store?post=220"},{"taxonomy":"product_cat","embeddable":true,"href":"https:\/\/unruffled-shirley.89-22-103-217.plesk.page\/index.php\/wp-json\/wp\/v2\/product_cat?post=220"},{"taxonomy":"product_tag","embeddable":true,"href":"https:\/\/unruffled-shirley.89-22-103-217.plesk.page\/index.php\/wp-json\/wp\/v2\/product_tag?post=220"}],"curies":[{"name":"wp","href":"https:\/\/api.w.org\/{rel}","templated":true}]}}