{"id":202,"date":"2024-01-06T11:53:12","date_gmt":"2024-01-06T11:53:12","guid":{"rendered":"https:\/\/unruffled-shirley.89-22-103-217.plesk.page\/index.php\/produkt\/traditions-herrenhaus-gluehwein-weiss\/"},"modified":"2024-01-06T11:55:13","modified_gmt":"2024-01-06T11:55:13","slug":"traditions-herrenhaus-gluehwein-weiss","status":"publish","type":"product","link":"https:\/\/unruffled-shirley.89-22-103-217.plesk.page\/index.php\/produkt\/traditions-herrenhaus-gluehwein-weiss\/","title":{"rendered":"Traditions Herrenhaus Gl\u00fchwein wei\u00df"},"content":{"rendered":"<p>Die traditionsreiche Familienrezeptur macht diesen Gl\u00fchwein zum unwiderstehlichen Genusserlebnis. Ein besonders feuriges Highlight f\u00fcr die gem\u00fctliche Advents- und Winterzeit. Winterliche W\u00fcrze und typische Gl\u00fchwein &#8211; Fruchtnuancen verw\u00f6hnen den Gaumen. Nur erw\u00e4rmen, NICHT kochen!\u00a0 \u00a0 [eng] \u00a0 Wintery scented mulled wine with aromas of cloves, cinnamon and orange. For inquiries from abroad please contact us\u00a0 shop@lergenmueller.de .There are separate shipping costs.<\/p>\n","protected":false},"excerpt":{"rendered":"<p>Die traditionsreiche Familienrezeptur macht diesen Gl\u00fchwein zum unwiderstehlichen Genusserlebnis. Ein besonders feuriges Highlight f\u00fcr die gem\u00fctliche Advents- und Winterzeit. Winterliche W\u00fcrze und typische Gl\u00fchwein &#8211; Fruchtnuancen verw\u00f6hnen den Gaumen. Nur erw\u00e4rmen, NICHT kochen!\u00a0 \u00a0 [eng] \u00a0 Wintery scented mulled wine with aromas of cloves, cinnamon and orange. For inquiries from abroad please contact us\u00a0 shop@lergenmueller.de [&hellip;]<\/p>\n","protected":false},"featured_media":305,"comment_status":"open","ping_status":"open","template":"","meta":[],"store":[21],"product_cat":[22],"product_tag":[23],"_links":{"self":[{"href":"https:\/\/unruffled-shirley.89-22-103-217.plesk.page\/index.php\/wp-json\/wp\/v2\/product\/202"}],"collection":[{"href":"https:\/\/unruffled-shirley.89-22-103-217.plesk.page\/index.php\/wp-json\/wp\/v2\/product"}],"about":[{"href":"https:\/\/unruffled-shirley.89-22-103-217.plesk.page\/index.php\/wp-json\/wp\/v2\/types\/product"}],"replies":[{"embeddable":true,"href":"https:\/\/unruffled-shirley.89-22-103-217.plesk.page\/index.php\/wp-json\/wp\/v2\/comments?post=202"}],"wp:featuredmedia":[{"embeddable":true,"href":"https:\/\/unruffled-shirley.89-22-103-217.plesk.page\/index.php\/wp-json\/wp\/v2\/media\/305"}],"wp:attachment":[{"href":"https:\/\/unruffled-shirley.89-22-103-217.plesk.page\/index.php\/wp-json\/wp\/v2\/media?parent=202"}],"wp:term":[{"taxonomy":"store","embeddable":true,"href":"https:\/\/unruffled-shirley.89-22-103-217.plesk.page\/index.php\/wp-json\/wp\/v2\/store?post=202"},{"taxonomy":"product_cat","embeddable":true,"href":"https:\/\/unruffled-shirley.89-22-103-217.plesk.page\/index.php\/wp-json\/wp\/v2\/product_cat?post=202"},{"taxonomy":"product_tag","embeddable":true,"href":"https:\/\/unruffled-shirley.89-22-103-217.plesk.page\/index.php\/wp-json\/wp\/v2\/product_tag?post=202"}],"curies":[{"name":"wp","href":"https:\/\/api.w.org\/{rel}","templated":true}]}}