{"id":186,"date":"2024-01-06T11:53:12","date_gmt":"2024-01-06T11:53:12","guid":{"rendered":"https:\/\/unruffled-shirley.89-22-103-217.plesk.page\/index.php\/produkt\/perle-de-palait-secco-rose\/"},"modified":"2024-01-06T11:54:08","modified_gmt":"2024-01-06T11:54:08","slug":"perle-de-palait-secco-rose","status":"publish","type":"product","link":"https:\/\/unruffled-shirley.89-22-103-217.plesk.page\/index.php\/produkt\/perle-de-palait-secco-rose\/","title":{"rendered":"Perle de Palait &#8211; Secco ros\u00e9"},"content":{"rendered":"<p>Ein frischer, feinspritziger Secco ros\u00e9 aus handverlesenen Pinot Noir Trauben. Vollendet mit einem w\u00fcrzigen Anteil an Cabernet Sauvignon. Dieser Traubensecco \u00fcberzeugt durch eine frische Cremigkeit am Gaumen. Er pr\u00e4sentiert fruchtige Noten von roten Waldbeeren. Erfrischend, fruchtig und ein erquickendes, vinophiles Abenteuer wert. &#8222;Symbol-Foto&#8220;\u00a0 [eng] A fresh, sparkling Secco ros\u00e9 made from handpicked Pinot Noir grapes. Finished off with a spicy portion of Cabernet Sauvignon. This grape secco impresses with its fresh creaminess on the palate. It presents fruity notes of red forest berries. Refreshing, fruity and worth a refreshing, vinophile adventure. For inquiries from abroad please contact us\u00a0 shop@lergenmueller.de .There are separate shipping costs.<\/p>\n","protected":false},"excerpt":{"rendered":"<p>Ein frischer, feinspritziger Secco ros\u00e9 aus handverlesenen Pinot Noir Trauben. Vollendet mit einem w\u00fcrzigen Anteil an Cabernet Sauvignon. Dieser Traubensecco \u00fcberzeugt durch eine frische Cremigkeit am Gaumen. Er pr\u00e4sentiert fruchtige Noten von roten Waldbeeren. Erfrischend, fruchtig und ein erquickendes, vinophiles Abenteuer wert. &#8222;Symbol-Foto&#8220;\u00a0 [eng] A fresh, sparkling Secco ros\u00e9 made from handpicked Pinot Noir grapes. [&hellip;]<\/p>\n","protected":false},"featured_media":296,"comment_status":"open","ping_status":"open","template":"","meta":[],"store":[25],"product_cat":[22],"product_tag":[23],"_links":{"self":[{"href":"https:\/\/unruffled-shirley.89-22-103-217.plesk.page\/index.php\/wp-json\/wp\/v2\/product\/186"}],"collection":[{"href":"https:\/\/unruffled-shirley.89-22-103-217.plesk.page\/index.php\/wp-json\/wp\/v2\/product"}],"about":[{"href":"https:\/\/unruffled-shirley.89-22-103-217.plesk.page\/index.php\/wp-json\/wp\/v2\/types\/product"}],"replies":[{"embeddable":true,"href":"https:\/\/unruffled-shirley.89-22-103-217.plesk.page\/index.php\/wp-json\/wp\/v2\/comments?post=186"}],"wp:featuredmedia":[{"embeddable":true,"href":"https:\/\/unruffled-shirley.89-22-103-217.plesk.page\/index.php\/wp-json\/wp\/v2\/media\/296"}],"wp:attachment":[{"href":"https:\/\/unruffled-shirley.89-22-103-217.plesk.page\/index.php\/wp-json\/wp\/v2\/media?parent=186"}],"wp:term":[{"taxonomy":"store","embeddable":true,"href":"https:\/\/unruffled-shirley.89-22-103-217.plesk.page\/index.php\/wp-json\/wp\/v2\/store?post=186"},{"taxonomy":"product_cat","embeddable":true,"href":"https:\/\/unruffled-shirley.89-22-103-217.plesk.page\/index.php\/wp-json\/wp\/v2\/product_cat?post=186"},{"taxonomy":"product_tag","embeddable":true,"href":"https:\/\/unruffled-shirley.89-22-103-217.plesk.page\/index.php\/wp-json\/wp\/v2\/product_tag?post=186"}],"curies":[{"name":"wp","href":"https:\/\/api.w.org\/{rel}","templated":true}]}}