{"id":148,"date":"2024-01-06T11:51:18","date_gmt":"2024-01-06T11:51:18","guid":{"rendered":"https:\/\/unruffled-shirley.89-22-103-217.plesk.page\/index.php\/produkt\/2022-sauvignon-blanc-trocken\/"},"modified":"2024-01-06T11:52:33","modified_gmt":"2024-01-06T11:52:33","slug":"2022-sauvignon-blanc-trocken","status":"publish","type":"product","link":"https:\/\/unruffled-shirley.89-22-103-217.plesk.page\/index.php\/produkt\/2022-sauvignon-blanc-trocken\/","title":{"rendered":"2022 Sauvignon Blanc trocken"},"content":{"rendered":"<p>Klar wie ein Bergsee entfaltet dieser Wein ein spannendes Spiel zwischen sortentypischer Aromatik (Stachelbeere, Wei\u00dfer Pfeffer, Kiwi). Dieser Sauvignon Blanc wurde im Edelstahltank ausgebaut, zeigt daher eine besondere Frische und verk\u00f6rpert eine typische Charakteristik. Ein Wein der hervorragend zu Salatvariationen, leichten Speisen, Snacks, Gem\u00fcse und zur Vesper passt. Das fruchtige Bouquet wird begleitet von einer frischen S\u00e4ure. Auch zu Fischgerichten passt der Sauvignon Blanc hervorragend.\u00a0 Auch spannend ist der Lergenm\u00fcller Feuerstein Sauvignon Blanc trocken aus unserer Terroirlinie. Der Ausbau im Holz verleiht dem Wein eine unglaubliche Cr\u00e9migkeit und kr\u00e4ftige Textur. [eng] White wine with green reflexes on the tongue. In the noste it?s more gooseberry and kiwi. Perfect as elegant compangion to modern international cuisine. On its own a refreshing allrounder. For inquirie&#8230;<\/p>\n","protected":false},"excerpt":{"rendered":"<p>Klar wie ein Bergsee entfaltet dieser Wein ein spannendes Spiel zwischen sortentypischer Aromatik (Stachelbeere, Wei\u00dfer Pfeffer, Kiwi). Dieser Sauvignon Blanc wurde im Edelstahltank ausgebaut, zeigt daher eine besondere Frische und verk\u00f6rpert eine typische Charakteristik. Ein Wein der hervorragend zu Salatvariationen, leichten Speisen, Snacks, Gem\u00fcse und zur Vesper passt. Das fruchtige Bouquet wird begleitet von einer [&hellip;]<\/p>\n","protected":false},"featured_media":277,"comment_status":"open","ping_status":"open","template":"","meta":[],"store":[21],"product_cat":[22],"product_tag":[23],"_links":{"self":[{"href":"https:\/\/unruffled-shirley.89-22-103-217.plesk.page\/index.php\/wp-json\/wp\/v2\/product\/148"}],"collection":[{"href":"https:\/\/unruffled-shirley.89-22-103-217.plesk.page\/index.php\/wp-json\/wp\/v2\/product"}],"about":[{"href":"https:\/\/unruffled-shirley.89-22-103-217.plesk.page\/index.php\/wp-json\/wp\/v2\/types\/product"}],"replies":[{"embeddable":true,"href":"https:\/\/unruffled-shirley.89-22-103-217.plesk.page\/index.php\/wp-json\/wp\/v2\/comments?post=148"}],"wp:featuredmedia":[{"embeddable":true,"href":"https:\/\/unruffled-shirley.89-22-103-217.plesk.page\/index.php\/wp-json\/wp\/v2\/media\/277"}],"wp:attachment":[{"href":"https:\/\/unruffled-shirley.89-22-103-217.plesk.page\/index.php\/wp-json\/wp\/v2\/media?parent=148"}],"wp:term":[{"taxonomy":"store","embeddable":true,"href":"https:\/\/unruffled-shirley.89-22-103-217.plesk.page\/index.php\/wp-json\/wp\/v2\/store?post=148"},{"taxonomy":"product_cat","embeddable":true,"href":"https:\/\/unruffled-shirley.89-22-103-217.plesk.page\/index.php\/wp-json\/wp\/v2\/product_cat?post=148"},{"taxonomy":"product_tag","embeddable":true,"href":"https:\/\/unruffled-shirley.89-22-103-217.plesk.page\/index.php\/wp-json\/wp\/v2\/product_tag?post=148"}],"curies":[{"name":"wp","href":"https:\/\/api.w.org\/{rel}","templated":true}]}}