{"id":142,"date":"2024-01-06T11:51:18","date_gmt":"2024-01-06T11:51:18","guid":{"rendered":"https:\/\/unruffled-shirley.89-22-103-217.plesk.page\/index.php\/produkt\/2022-scheurebe-feinherb\/"},"modified":"2024-01-06T11:52:26","modified_gmt":"2024-01-06T11:52:26","slug":"2022-scheurebe-feinherb","status":"publish","type":"product","link":"https:\/\/unruffled-shirley.89-22-103-217.plesk.page\/index.php\/produkt\/2022-scheurebe-feinherb\/","title":{"rendered":"2022 Scheurebe feinherb"},"content":{"rendered":"<p>Ein erfrischendes S\u00e4urespiel und die feinfruchtige S\u00fc\u00dfe macht die Scheurebe auch zum idealen Fr\u00fchlings- und Sommerwein. Hervorragend geeignet zu leichten Gerichten oder auch zu Speisen mit exotischer Sch\u00e4rfe. Ein sehr guter Partner auch zu kr\u00e4ftigen, leicht salzigen K\u00e4sevariationen. Der klassische Stahlausbau gibt dem Wein seinen klaren, fruchtbetonten Charakter. Ein Charakter der unverwechselbar ist: schwarze Johannisbeere (Cassis), Mango, Pfirsich, reife Birne und manchmal sogar auch exotische Mango. [eng] The combination of animating acidity and delicately fruity sweetness makes the Scheurebe the ideal spring and summer wine. Excellent for light meals or food with a light, exotic sharpness. A very good partner also to strong, slightly salty cheese variations. The classic steel structure gives the wine its clear, fruity character.\u00a0For inquiries from abroad please contact us&#038;nbs&#8230;<\/p>\n","protected":false},"excerpt":{"rendered":"<p>Ein erfrischendes S\u00e4urespiel und die feinfruchtige S\u00fc\u00dfe macht die Scheurebe auch zum idealen Fr\u00fchlings- und Sommerwein. Hervorragend geeignet zu leichten Gerichten oder auch zu Speisen mit exotischer Sch\u00e4rfe. Ein sehr guter Partner auch zu kr\u00e4ftigen, leicht salzigen K\u00e4sevariationen. Der klassische Stahlausbau gibt dem Wein seinen klaren, fruchtbetonten Charakter. Ein Charakter der unverwechselbar ist: schwarze Johannisbeere [&hellip;]<\/p>\n","protected":false},"featured_media":274,"comment_status":"open","ping_status":"open","template":"","meta":[],"store":[21],"product_cat":[22],"product_tag":[23],"_links":{"self":[{"href":"https:\/\/unruffled-shirley.89-22-103-217.plesk.page\/index.php\/wp-json\/wp\/v2\/product\/142"}],"collection":[{"href":"https:\/\/unruffled-shirley.89-22-103-217.plesk.page\/index.php\/wp-json\/wp\/v2\/product"}],"about":[{"href":"https:\/\/unruffled-shirley.89-22-103-217.plesk.page\/index.php\/wp-json\/wp\/v2\/types\/product"}],"replies":[{"embeddable":true,"href":"https:\/\/unruffled-shirley.89-22-103-217.plesk.page\/index.php\/wp-json\/wp\/v2\/comments?post=142"}],"wp:featuredmedia":[{"embeddable":true,"href":"https:\/\/unruffled-shirley.89-22-103-217.plesk.page\/index.php\/wp-json\/wp\/v2\/media\/274"}],"wp:attachment":[{"href":"https:\/\/unruffled-shirley.89-22-103-217.plesk.page\/index.php\/wp-json\/wp\/v2\/media?parent=142"}],"wp:term":[{"taxonomy":"store","embeddable":true,"href":"https:\/\/unruffled-shirley.89-22-103-217.plesk.page\/index.php\/wp-json\/wp\/v2\/store?post=142"},{"taxonomy":"product_cat","embeddable":true,"href":"https:\/\/unruffled-shirley.89-22-103-217.plesk.page\/index.php\/wp-json\/wp\/v2\/product_cat?post=142"},{"taxonomy":"product_tag","embeddable":true,"href":"https:\/\/unruffled-shirley.89-22-103-217.plesk.page\/index.php\/wp-json\/wp\/v2\/product_tag?post=142"}],"curies":[{"name":"wp","href":"https:\/\/api.w.org\/{rel}","templated":true}]}}